*i + 4. Suppose v + 4*s + 11 = 4*v, -4*v - s + i = 0. What is the remainder when (-1 - -4)*2/3 is divided by v?
0
Suppose -3 = -3*x + 3. Let b be ((-3)/6)/((-9)/(-18)). What is the remainder when x is divided by (2 + b)*9/9?
0
Let h be (8/6)/(((-6)/(-63))/2). What is the remainder when 82 is divided by (18/(-5))/(h/10 + -3)?
10
Calculate the remainder when ((-9)/(-2))/3*4 is divided by 6.
0
Let b(q) = q**3 + 3*q**2 + 2*q + 1. Let o be b(-3). Let f(x) = -2*x**3 - 6*x**2 + 3*x + 9. Calculate the remainder when f(o) is divided by 0/(1/1) - -24.
22
Suppose -87 = -6*d - 21. Calculate the remainder when 173 is divided by d.
8
Suppose 2*b = p + 17, -5*p - 1 = 3*b + b. Calculate the remainder when 11 is divided by b.
5
Let y be (-16)/(-10)*(-55)/22. Let a = y + 6. Suppose 3 + 101 = a*x. Calculate the remainder when x is divided by 11.
8
Suppose 10 = -6*g - 2. Let z = g - -19. What is the remainder when z is divided by 3?
2
Let g = 11 - -15. Suppose g = l - 6. Let r(b) = -3*b + 2. Calculate the remainder when l is divided by r(-5).
15
Let a = -49 - -58. Suppose -3*b + 2*f - 6*f = -103, 0 = f - 1. What is the remainder when b is divided by a?
6
Suppose -q + 0 = -4. Let z = q + -4. Suppose 2*l - 23 - 15 = z. What is the remainder when 55 is divided by l?
17
Let z be 2 + -2 + 8/4. Suppose 56 = 2*y - 4*c, -c + 106 = 4*y - 3*c. What is the remainder when z/6 + 745/15 is divided by y?
24
Suppose -2*v = -4*v. Let j = v + 16. Suppose -5*n + 312 = -m, 0 = 3*n - 3*m - 134 - 58. Calculate the remainder when n is divided by j.
14
Let d = -540 - -559. Suppose 0 = -4*y + 5*t - 4 + 51, 34 = 5*y + 2*t. What is the remainder when d is divided by y?
3
Let p = -125 - -160. Calculate the remainder when 241 is divided by p.
31
Let o = -309 + 317. What is the remainder when 22 is divided by o?
6
Let x(n) be the second derivative of 5*n**4/12 - n**3/3 - n**2/2 - 17*n. What is the remainder when x(-2) is divided by 6?
5
Let w = -13 + 27. Calculate the remainder when (1/(-3) - 1)/((-100)/4050) is divided by w.
12
Suppose -131*i + 25*i + 1590 = 0. Let o = 61 + -37. What is the remainder when o is divided by i?
9
Let u be 2/3 - 7/(-3). Suppose 1 + 20 = u*x + 3*p, -3*x + 3*p - 9 = 0. Suppose 3*l + x*l - 35 = 0. What is the remainder when 27 is divided by l?
6
Suppose -3*d + 0*d = -153. What is the remainder when d is divided by -7*(9/7)/((-4)/8)?
15
Let f(s) = -9*s + 132. What is the remainder when f(-33) is divided by 48?
45
Suppose 30 = -6*a - 60. What is the remainder when 87 is divided by (a - 29)/((-4)/2)?
21
Let p(b) = -5*b - 4. Let m(i) = 13*i**2 - 107*i - 7. What is the remainder when m(9) is divided by p(-5)?
20
Suppose 17*f = 19*f - 8. Suppose 73 = f*o - 23. What is the remainder when 39 is divided by o?
15
Suppose -6*j + 3*x = -j - 77, 4*j = x + 63. Suppose -4 = m, 4*p = -4*m - 0*m - 380. Calculate the remainder when (-2)/(p/(-31) - 3) is divided by j.
15
Calculate the remainder when 210 is divided by ((-27)/6 - (22 - 27))*146.
64
Let o be -4*1/(4/(-7)). Let c = -8 + o. What is the remainder when (-67)/(-6) + c/6 is divided by 3?
2
Suppose 6 = -4*a + 5*a. Let t = 134 + 1. Suppose 5*o + y - t = -4*y, -7 = -o + 3*y. What is the remainder when o is divided by a?
4
What is the remainder when (26/(-6))/(((-31)/(-60))/(-31)) is divided by 126?
8
Suppose 2*n = -j + 109, -3*n - 3*j + j = -161. Let t(z) = 3*z - 6. Suppose -2 = -y, -2*y = -5*b - 0*y + 31. What is the remainder when n is divided by t(b)?
12
Suppose -5*k = -4*u + 149, 5*u + 0*k - 160 = k. Suppose 33*m - u*m - 20 = 0. Calculate the remainder when 28 is divided by m.
8
Let u = -59 - -63. Suppose -k + 33 = c, u*k - 137 = -k + 2*c. What is the remainder when k is divided by 8?
5
Suppose 6*j = -17 + 89. Suppose -j - 3 = -q + 3*b, -41 = -3*q + 5*b. What is the remainder when 71 is divided by q?
11
Suppose -9 = 2*b - 13. Suppose 0 = -4*o + 2*q + 94, 0*o + 29 = b*o + 5*q. What is the remainder when 63 is divided by o?
19
Suppose -51 = -4*o + z + 39, -2*o - 4*z + 54 = 0. What is the remainder when 52 is divided by o?
6
Suppose 2*k + 2*d - 3 - 1 = 0, 5*d = 2*k - 25. Suppose -104 = -4*p + 2*n - 36, -k*p + n = -88. Calculate the remainder when p is divided by 4.
2
Let j be (-123)/(-6) + (-6)/4. Suppose w - j = 16. Calculate the remainder when 139 is divided by w.
34
What is the remainder when 780/24*(0 - -2) is divided by 54?
11
Let t(c) = -c + 67. What is the remainder when t(-6) is divided by 18?
1
Let r = -2082 + 2786. Calculate the remainder when r is divided by 234.
2
Let o(a) = 30*a**2 + 1. Let i(s) = -2*s**2 + 3. Let r be i(3). Let d = r - -14. What is the remainder when o(d) is divided by 16?
15
Suppose -5*n = -3*h - 2*h - 90, 3*n + 3*h = 48. Calculate the remainder when 96 is divided by n.
11
Suppose 5*b - 3185 = 4*b. Calculate the remainder when 4/5*b/14 is divided by 46.
44
Suppose -2*g + 5832 = 10*g. Suppose -10*q - g = -13*q. Calculate the remainder when q is divided by 15.
12
Let d(u) = 4*u**2 + 2. Calculate the remainder when (30/12 - (0 - -2))*104 is divided by d(2).
16
Let a be ((-14)/(-8) - 2)*4. Let k be ((-1)/(-3))/(a/(-186)). Let g = -37 + k. What is the remainder when 98 is divided by g?
23
Suppose -m - 2*m = -60. Let l(o) = -o**2 + 8. Let f be l(-4). Calculate the remainder when 39 is divided by 2/f - (-405)/m.
19
Let y = -5528 + 5565. Calculate the remainder when y is divided by 20/((-3)/(0 - 3)).
17
Suppose -6*j + 35 = -19. What is the remainder when 33 is divided by j?
6
Let x(u) = u**3 - u**2 - u. Let j(d) = -64*d**3 + 5*d**2 + d - 3. Let f(h) = j(h) + 3*x(h). Calculate the remainder when f(-1) is divided by 21.
20
Let d = 4 + -1. Suppose 4*s = -d*j + 3, -3*j - 3*s = -8*j + 34. Suppose f + 0*f - 9 = 0. What is the remainder when f is divided by j?
4
Let o(x) = 2*x**2 - 27*x + 26. Let a be o(12). Let h = a + 34. Calculate the remainder when 69 is divided by h.
21
Suppose a = 17 - 4. What is the remainder when (19/(-4))/((-53)/424) is divided by a?
12
Suppose 5*z - 730 - 40 = 0. What is the remainder when z is divided by 49?
7
Let z be 2/(-2)*(1 - -11). Let f(v) = v**3 - 15*v**2 + 10*v + 46. Let g be f(14). What is the remainder when 30/z*368/g is divided by 24?
20
Let q = -113 + 220. Let s = 184 - q. Calculate the remainder when s is divided by 13.
12
Let j = -20 - -22. Suppose 3*x = 2*x + j. Calculate the remainder when 8 is divided by x.
0
Let y be (-20)/(-25) + (-1)/(-5). Let l be (y - 1)*(-2)/4. Suppose l = -4*p - 4*w + 128, 0*w = -w + 5. Calculate the remainder when p is divided by 7.
6
Let h(i) = 6*i + 3. Let m be ((-1)/3)/((-1)/12). Let r be m - (0 + 0 - -2). Calculate the remainder when 27 is divided by h(r).
12
Let t = 8 - 32. What is the remainder when 25 is divided by (6/(t/4))/(2/(-18))?
7
Suppose -218*p = -219*p + 118. Calculate the remainder when p is divided by 41.
36
Let p(y) be the first derivative of -y**3/3 - 7*y**2/2 - y + 10. What is the remainder when p(-4) is divided by 6?
5
Let x = 580 - 558. Calculate the remainder when 42 is divided by x.
20
Let h = -33 - -35. Suppose -6*a - 32 = -h*a. Let y(x) = x**3 + 7*x**2 - 9*x + 8. Calculate the remainder when 47 is divided by y(a).
15
Let q = 738 - 724. What is the remainder when q is divided by 2?
0
Suppose -91 = -16*g + 325. Calculate the remainder when 110 is divided by g.
6
Suppose 2*j = -3*j - 2*l + 263, 0 = 5*j - 2*l - 247. Suppose -5*g + 8*g = j. Calculate the remainder when 47 is divided by g.
13
Suppose -6*p + 0 + 174 = 0. Calculate the remainder when 83 is divided by p.
25
Let v(r) = 2*r + 9. Suppose 2*n = z - 20, 3*n + 44 = 4*z + 7*n. Calculate the remainder when v(8) is divided by z.
11
Let y = -15 - -58. What is the remainder when 171 is divided by y?
42
Let u be -2 - (0 + -1)/((-5)/(-35)). Suppose 0 = -p - 4*a + 27, 0 = -a + u*a - 12. Calculate the remainder when 29 is divided by p.
14
Suppose -2*y + 44 = 3*p + 2*y, y = 5. Suppose p = 3*o + 3*j + 2, 8 = 2*o + j. Let a(w) = -4*w + 2. What is the remainder when a(-2) is divided by o?
4
Suppose -5*a + 2*j = -7, 2*j - 5 = 3. Suppose 0*w = w - 4. Suppose -4*l - f = -35, -l = -a*f + w*f - 8. Calculate the remainder when l is divided by 3.
0
Let p = 20 + -18. Suppose 0 = -p*g - 47 + 199. Calculate the remainder when g is divided by 13.
11
Suppose 3*c - 3 = l + 11, 3*l - 5*